 digit of 1716?
6
What is the hundreds digit of 1669?
6
What is the units digit of 8033?
3
What is the hundreds digit of 699?
6
What is the hundreds digit of 113405?
4
What is the units digit of 83751?
1
What is the tens digit of 141340?
4
What is the thousands digit of 3056?
3
What is the hundreds digit of 13987?
9
What is the thousands digit of 3307?
3
What is the hundreds digit of 2966?
9
What is the hundreds digit of 760?
7
What is the thousands digit of 4422?
4
What is the thousands digit of 20060?
0
What is the hundreds digit of 630?
6
What is the tens digit of 1202?
0
What is the hundreds digit of 1809?
8
What is the tens digit of 6051?
5
What is the tens digit of 77?
7
What is the thousands digit of 2290?
2
What is the thousands digit of 5316?
5
What is the thousands digit of 21727?
1
What is the tens digit of 1549?
4
What is the hundreds digit of 30830?
8
What is the units digit of 207?
7
What is the tens digit of 14552?
5
What is the hundreds digit of 21062?
0
What is the ten thousands digit of 26901?
2
What is the tens digit of 45377?
7
What is the hundreds digit of 174?
1
What is the tens digit of 4420?
2
What is the hundreds digit of 29932?
9
What is the tens digit of 114336?
3
What is the thousands digit of 17672?
7
What is the hundreds digit of 60728?
7
What is the hundreds digit of 327?
3
What is the thousands digit of 36930?
6
What is the tens digit of 3111?
1
What is the thousands digit of 17033?
7
What is the ten thousands digit of 122060?
2
What is the ten thousands digit of 102948?
0
What is the units digit of 31572?
2
What is the hundreds digit of 6815?
8
What is the hundreds digit of 656?
6
What is the ten thousands digit of 95337?
9
What is the units digit of 42873?
3
What is the ten thousands digit of 21240?
2
What is the thousands digit of 1100?
1
What is the thousands digit of 1238?
1
What is the units digit of 804?
4
What is the units digit of 1043?
3
What is the thousands digit of 1744?
1
What is the units digit of 8520?
0
What is the units digit of 5686?
6
What is the hundreds digit of 4186?
1
What is the hundreds digit of 168?
1
What is the thousands digit of 2769?
2
What is the hundreds digit of 28058?
0
What is the ten thousands digit of 57461?
5
What is the units digit of 72229?
9
What is the thousands digit of 2321?
2
What is the units digit of 123893?
3
What is the tens digit of 17136?
3
What is the ten thousands digit of 42425?
4
What is the hundreds digit of 19464?
4
What is the units digit of 1118?
8
What is the ten thousands digit of 45362?
4
What is the thousands digit of 2262?
2
What is the units digit of 2251?
1
What is the units digit of 19705?
5
What is the thousands digit of 40491?
0
What is the hundreds digit of 266?
2
What is the tens digit of 17434?
3
What is the units digit of 9982?
2
What is the units digit of 6237?
7
What is the ten thousands digit of 93126?
9
What is the ten thousands digit of 95831?
9
What is the thousands digit of 2700?
2
What is the tens digit of 22490?
9
What is the tens digit of 5805?
0
What is the units digit of 39970?
0
What is the tens digit of 1756?
5
What is the thousands digit of 97173?
7
What is the units digit of 59572?
2
What is the units digit of 1733?
3
What is the tens digit of 5626?
2
What is the thousands digit of 42053?
2
What is the thousands digit of 18364?
8
What is the tens digit of 1509?
0
What is the thousands digit of 4408?
4
What is the thousands digit of 39764?
9
What is the tens digit of 36251?
5
What is the thousands digit of 62339?
2
What is the units digit of 95?
5
What is the units digit of 540?
0
What is the hundreds digit of 19979?
9
What is the thousands digit of 1241?
1
What is the tens digit of 2203?
0
What is the tens digit of 11513?
1
What is the units digit of 331?
1
What is the thousands digit of 8544?
8
What is the tens digit of 70?
7
What is the units digit of 12767?
7
What is the units digit of 715?
5
What is the tens digit of 90800?
0
What is the units digit of 6679?
9
What is the hundreds digit of 76628?
6
What is the tens digit of 8434?
3
What is the tens digit of 6536?
3
What is the hundreds digit of 435?
4
What is the tens digit of 471?
7
What is the thousands digit of 4501?
4
What is the units digit of 48795?
5
What is the units digit of 899?
9
What is the tens digit of 7103?
0
What is the thousands digit of 2421?
2
What is the units digit of 1436?
6
What is the units digit of 549?
9
What is the units digit of 1113?
3
What is the units digit of 1043?
3
What is the tens digit of 5501?
0
What is the units digit of 31325?
5
What is the tens digit of 59519?
1
What is the units digit of 1058?
8
What is the tens digit of 1183?
8
What is the tens digit of 173?
7
What is the thousands digit of 37198?
7
What is the tens digit of 246?
4
What is the thousands digit of 2648?
2
What is the thousands digit of 3565?
3
What is the units digit of 16095?
5
What is the thousands digit of 1670?
1
What is the hundreds digit of 1507?
5
What is the units digit of 1129?
9
What is the hundreds digit of 710?
7
What is the tens digit of 122661?
6
What is the hundreds digit of 9166?
1
What is the hundreds digit of 46066?
0
What is the thousands digit of 2010?
2
What is the ten thousands digit of 17137?
1
What is the thousands digit of 2622?
2
What is the units digit of 4178?
8
What is the hundreds digit of 6914?
9
What is the units digit of 36430?
0
What is the thousands digit of 18277?
8
What is the units digit of 21062?
2
What is the units digit of 782?
2
What is the tens digit of 537?
3
What is the tens digit of 9627?
2
What is the hundreds digit of 24545?
5
What is the tens digit of 3381?
8
What is the tens digit of 43482?
8
What is the tens digit of 14230?
3
What is the tens digit of 46?
4
What is the hundreds digit of 4695?
6
What is the tens digit of 71?
7
What is the tens digit of 5365?
6
What is the units digit of 3149?
9
What is the tens digit of 58468?
6
What is the hundreds digit of 3537?
5
What is the thousands digit of 15023?
5
What is the thousands digit of 16695?
6
What is the thousands digit of 97911?
7
What is the tens digit of 17744?
4
What is the thousands digit of 56764?
6
What is the thousands digit of 163347?
3
What is the thousands digit of 40151?
0
What is the ten thousands digit of 50307?
5
What is the thousands digit of 5969?
5
What is the thousands digit of 122284?
2
What is the thousands digit of 76910?
6
What is the ten thousands digit of 71529?
7
What is the units digit of 131658?
8
What is the tens digit of 19324?
2
What is the thousands digit of 3225?
3
What is the tens digit of 6913?
1
What is the thousands digit of 3159?
3
What is the hundreds digit of 79151?
1
What is the tens digit of 2919?
1
What is the hundreds digit of 1684?
6
What is the hundreds digit of 5661?
6
What is the ten thousands digit of 23806?
2
What is the units digit of 2335?
5
What is the tens digit of 2560?
6
What is the units digit of 823?
3
What is the units digit of 47?
7
What is the hundreds digit of 18151?
1
What is the thousands digit of 22307?
2
What is the thousands digit of 15107?
5
What is the units digit of 1077?
7
What is the tens digit of 11191?
9
What is the thousands digit of 1514?
1
What is the ten thousands digit of 24893?
2
What is the hundreds digit of 34193?
1
What is the hundreds digit of 1542?
5
What is the hundreds digit of 2742?
7
What is the tens digit of 2584?
8
What is the thousands digit of 130894?
0
What is the tens digit of 43767?
6
What is the units digit of 1009?
9
What is the units digit of 47903?
3
What is the thousands digit of 9767?
9
What is the hundreds digit of 22433?
4
What is the tens digit of 900?
0
What is the tens digit of 8490?
9
What is the tens digit of 5841?
4
What is the tens digit of 3168?
6
What is the hundreds digit of 521?
5
What is the tens digit of 11697?
9
What is the thousands digit of 59110?
9
What is the tens digit of 7811?
1
What is the tens digit of 486?
8
What is the thousands digit of 12832?
2
What is the hundreds digit of 140?
1
What is the thousands digit of 21638?
1
What is the thousands digit of 22410?
2
What is the tens digit of 87128?
2
What is the hundreds digit of 64351?
3
What is the hundreds digit of 73696?
6
What is the hundred thousands digit of 137609?
1
What is the 